 the thousands digit of 21847854?
7
What is the tens digit of 609998577?
7
What is the millions digit of 3766132609?
6
What is the hundreds digit of 2315700670?
6
What is the thousands digit of 766563?
6
What is the units digit of 113060757?
7
What is the thousands digit of 15381686?
1
What is the hundred thousands digit of 2077980555?
9
What is the millions digit of 211382684?
1
What is the ten thousands digit of 221319299?
1
What is the millions digit of 758583897?
8
What is the ten thousands digit of 7021362?
2
What is the hundred thousands digit of 7063760?
0
What is the ten millions digit of 325956201?
2
What is the ten millions digit of 262974394?
6
What is the ten millions digit of 21372102?
2
What is the hundreds digit of 73366494?
4
What is the tens digit of 65971041?
4
What is the ten millions digit of 2716765432?
1
What is the hundreds digit of 218134932?
9
What is the units digit of 92525778?
8
What is the ten millions digit of 485957543?
8
What is the tens digit of 18965928?
2
What is the hundred millions digit of 3177408590?
1
What is the hundreds digit of 2349128702?
7
What is the units digit of 228711554?
4
What is the ten millions digit of 106804155?
0
What is the units digit of 126424893?
3
What is the hundred thousands digit of 117990351?
9
What is the hundred thousands digit of 52124105?
1
What is the hundred thousands digit of 952143122?
1
What is the hundreds digit of 58759483?
4
What is the thousands digit of 522365151?
5
What is the ten thousands digit of 327022297?
2
What is the hundred millions digit of 3911951000?
9
What is the millions digit of 437963681?
7
What is the units digit of 32173563?
3
What is the ten thousands digit of 18149428?
4
What is the ten thousands digit of 2894420742?
2
What is the millions digit of 22308705?
2
What is the millions digit of 853524620?
3
What is the hundred millions digit of 140675190?
1
What is the hundred thousands digit of 103324097?
3
What is the thousands digit of 1289467992?
7
What is the hundred thousands digit of 1959329527?
3
What is the thousands digit of 51645620?
5
What is the ten millions digit of 44033532?
4
What is the ten millions digit of 44190360?
4
What is the millions digit of 715312548?
5
What is the millions digit of 4993872731?
3
What is the ten millions digit of 71499226?
7
What is the billions digit of 5275331256?
5
What is the ten millions digit of 19661426?
1
What is the units digit of 75450897?
7
What is the units digit of 5722754?
4
What is the tens digit of 388806228?
2
What is the millions digit of 425642721?
5
What is the hundreds digit of 18991596?
5
What is the ten millions digit of 1308702298?
0
What is the hundreds digit of 43894657?
6
What is the ten thousands digit of 3202585805?
8
What is the hundred thousands digit of 35709483?
7
What is the hundreds digit of 617348960?
9
What is the ten millions digit of 983344037?
8
What is the hundred millions digit of 695979373?
6
What is the tens digit of 135270351?
5
What is the hundreds digit of 2588398418?
4
What is the ten millions digit of 1445230237?
4
What is the ten thousands digit of 874134195?
3
What is the ten thousands digit of 67990434?
9
What is the hundred millions digit of 358319595?
3
What is the tens digit of 39838700?
0
What is the hundreds digit of 281763330?
3
What is the thousands digit of 105076732?
6
What is the hundred millions digit of 2115048269?
1
What is the tens digit of 3426954940?
4
What is the ten thousands digit of 531933772?
3
What is the tens digit of 29769581?
8
What is the ten millions digit of 2013162524?
1
What is the hundreds digit of 2338498660?
6
What is the tens digit of 1290625?
2
What is the units digit of 438052050?
0
What is the ten millions digit of 1179696570?
7
What is the millions digit of 1675323711?
5
What is the tens digit of 21517626?
2
What is the units digit of 795938965?
5
What is the ten millions digit of 120137510?
2
What is the thousands digit of 1547215577?
5
What is the hundred millions digit of 752943776?
7
What is the thousands digit of 54188896?
8
What is the millions digit of 89630003?
9
What is the thousands digit of 690660005?
0
What is the hundreds digit of 364143559?
5
What is the thousands digit of 906013?
6
What is the billions digit of 2414828964?
2
What is the tens digit of 99420709?
0
What is the ten thousands digit of 72100536?
0
What is the billions digit of 1177889709?
1
What is the millions digit of 1333230449?
3
What is the ten thousands digit of 344986287?
8
What is the units digit of 261978733?
3
What is the thousands digit of 24794582?
4
What is the hundred thousands digit of 4018858952?
8
What is the hundred thousands digit of 80510854?
5
What is the hundred thousands digit of 243816?
2
What is the units digit of 52247670?
0
What is the ten millions digit of 2624132707?
2
What is the ten millions digit of 82798817?
8
What is the millions digit of 2402390710?
2
What is the hundred millions digit of 384228957?
3
What is the thousands digit of 104741407?
1
What is the units digit of 145218273?
3
What is the ten thousands digit of 141066710?
6
What is the ten thousands digit of 634327041?
2
What is the thousands digit of 1024810548?
0
What is the tens digit of 191463060?
6
What is the ten thousands digit of 1825372349?
7
What is the hundred millions digit of 6293979251?
2
What is the hundreds digit of 81151181?
1
What is the hundreds digit of 132934821?
8
What is the hundreds digit of 11944333?
3
What is the ten thousands digit of 4106359099?
5
What is the thousands digit of 1541708607?
8
What is the hundreds digit of 66146593?
5
What is the thousands digit of 98925743?
5
What is the thousands digit of 38598?
8
What is the hundreds digit of 290313533?
5
What is the hundred millions digit of 417444686?
4
What is the ten thousands digit of 492567102?
6
What is the hundreds digit of 47757625?
6
What is the thousands digit of 99959603?
9
What is the hundred thousands digit of 1155205376?
2
What is the tens digit of 48965225?
2
What is the tens digit of 6642843?
4
What is the ten thousands digit of 55723193?
2
What is the tens digit of 73957258?
5
What is the thousands digit of 663389407?
9
What is the hundred millions digit of 2199242225?
1
What is the hundreds digit of 388540957?
9
What is the ten millions digit of 508954956?
0
What is the hundred millions digit of 916299831?
9
What is the ten millions digit of 47100014?
4
What is the tens digit of 57136546?
4
What is the hundred thousands digit of 339010963?
0
What is the thousands digit of 2694458892?
8
What is the units digit of 305924656?
6
What is the units digit of 29362261?
1
What is the ten thousands digit of 346478731?
7
What is the units digit of 206831650?
0
What is the hundred millions digit of 108833648?
1
What is the hundred thousands digit of 510372158?
3
What is the millions digit of 534500895?
4
What is the thousands digit of 23637498?
7
What is the millions digit of 288078206?
8
What is the ten thousands digit of 2182582827?
8
What is the ten thousands digit of 3314902352?
0
What is the thousands digit of 696490458?
0
What is the hundreds digit of 1631620177?
1
What is the thousands digit of 25931459?
1
What is the millions digit of 1948569705?
8
What is the ten thousands digit of 299927088?
2
What is the millions digit of 1064275192?
4
What is the thousands digit of 1690593790?
3
What is the ten thousands digit of 511758430?
5
What is the hundreds digit of 595315956?
9
What is the hundreds digit of 15831512?
5
What is the ten thousands digit of 237255296?
5
What is the tens digit of 1842248858?
5
What is the units digit of 40432957?
7
What is the tens digit of 551970165?
6
What is the hundreds digit of 895413605?
6
What is the units digit of 1596821232?
2
What is the tens digit of 3050055546?
4
What is the billions digit of 1663862376?
1
What is the hundreds digit of 357019545?
5
What is the hundred millions digit of 203350908?
2
What is the hundred thousands digit of 4197067768?
0
What is the hundred thousands digit of 33512141?
5
What is the ten millions digit of 37190609?
3
What is the thousands digit of 96764695?
4
What is the hundreds digit of 169062166?
1
What is the tens digit of 4160207372?
7
What is the hundreds digit of 4378107619?
6
What is 